{"id":358,"date":"2021-10-13T20:40:06","date_gmt":"2021-10-13T20:40:06","guid":{"rendered":"https:\/\/creandolibros.es\/?page_id=358"},"modified":"2026-02-28T19:55:22","modified_gmt":"2026-02-28T19:55:22","slug":"creando","status":"publish","type":"page","link":"https:\/\/creandolibros.es\/encuadernacion-y-acuarela-en-santander-2\/creando\/","title":{"rendered":"Creando"},"content":{"rendered":"\n<h2 class=\"wp-block-heading\">Creando libros, escuela, taller, lugar de encuentro<\/h2>\n\n\n\n<p>Creando Libros es una escuela y taller de encuadernaci\u00f3n artesanal y t\u00e9cnicas art\u00edsticas en Santander, creada en 2021. En el origen de todo est\u00e1 nuestro amor por los libros y el arte, que de una manera u otra, siempre han formado parte de nuestras vidas. Nos impulsa la energ\u00eda que surge del acto de crear y trabajar con las manos, y el gusto por transmitir los conocimientos. <br>Pero por encima de todo, lo que buscamos es pasarlo bien, divertirnos trabajando. Y a poder ser, rodeados de personas con las mismas ganas de divertirse que nosotros. A cargo del proyecto est\u00e1n Montserrat Mu\u00f1oz Mu\u00f1oz, encuadernadora y dise\u00f1adora, y Tom\u00e1s Hoya Cicero, artista e ilustrador.<\/p>\n\n\n\n<div class=\"wp-block-columns is-layout-flex wp-container-core-columns-is-layout-9d6595d7 wp-block-columns-is-layout-flex\">\n<div class=\"wp-block-column is-layout-flow wp-block-column-is-layout-flow\">\n<h2 class=\"wp-block-heading\">Montserrat Mu\u00f1oz Mu\u00f1oz<\/h2>\n\n\n\n<div class=\"wp-block-columns is-layout-flex wp-container-core-columns-is-layout-9d6595d7 wp-block-columns-is-layout-flex\">\n<div class=\"wp-block-column is-layout-flow wp-block-column-is-layout-flow\">\n<p>Por un lado, formada profesionalmente en el Taller de Encuadernaci\u00f3n Artesanal de Urue\u00f1a, 1\u00aa Villa del Libro en Espa\u00f1a, en Valladolid, a cargo de Rosa de Miguel y Fernando Guti\u00e9rrez. Y por otro, junto a Eduardo Gim\u00e9nez Burgos, director de la Escuela Libro de Zaragoza, y Premio nacional de encuadernaci\u00f3n art\u00edstica 2012, del Ministerio de Cultura.<br>Ha desarrollado su trabajo centr\u00e1ndose en el libro y cartonaje para artistas y como profesora de talleres y clases regulares de encuadernaci\u00f3n.<\/p>\n<\/div>\n<\/div>\n<\/div>\n\n\n\n<div class=\"wp-block-column is-layout-flow wp-block-column-is-layout-flow\">\n<h2 class=\"wp-block-heading\">Tom\u00e1s Hoya Cicero<\/h2>\n\n\n\n<p><a href=\"https:\/\/www.tomashoya.es\/\" target=\"_blank\" rel=\"noreferrer noopener\">Artista<\/a> con m\u00e1s de 35 a\u00f1os vinculado con las artes pl\u00e1sticas. Amplio dominio del dibujo y de m\u00faltiples t\u00e9cnicas art\u00edsticas, tanto tradicionales como digitales. Se desenvuelve igual de bien en diferentes g\u00e9neros y estilos como el paisaje, retrato, caricatura o la ilustraci\u00f3n.<br>Ha trabajado intensamente la acuarela, t\u00e9cnica especialmente fascinante, de la que imparte diferentes talleres y clases regulares.<\/p>\n<\/div>\n<\/div>\n\n\n\n<p>Nuestros cursos regulares de <a href=\"https:\/\/creandolibros.es\/clases-de-encuadernacion-2\/\">encuadernaci\u00f3n<\/a> y <a href=\"https:\/\/creandolibros.es\/clases-de-acuarela\/\">acuarela<\/a> est\u00e1n pensados para todo tipo de personas interesadas, sin necesidad de conocimientos previos. Se imparten en diferentes horarios semanales y en grupos reducidos, generando un ambiente cercano donde el alumno dispone de la atenci\u00f3n adecuada del profesor.<br>Eventualmente se proponen talleres de fin de semana con los cuales se abre el abanico de materias y t\u00e9cnicas art\u00edsticas. Se imparten tanto dentro, como fuera de la escuela, en colaboraci\u00f3n con otros agentes culturales.<\/p>\n","protected":false},"excerpt":{"rendered":"<p>Creando libros, escuela, taller, lugar de encuentro Creando Libros es una escuela y taller de encuadernaci\u00f3n artesanal y t\u00e9cnicas art\u00edsticas en Santander, creada en 2021. En el origen de todo est\u00e1 nuestro amor por los libros y el arte, que de una manera u otra, siempre han formado parte de nuestras vidas. Nos impulsa la [&hellip;]<\/p>\n","protected":false},"author":2,"featured_media":470,"parent":0,"menu_order":0,"comment_status":"closed","ping_status":"closed","template":"","meta":{"footnotes":""},"class_list":["post-358","page","type-page","status-publish","has-post-thumbnail","hentry","has-thumbnail"],"yoast_head":"<!-- This site is optimized with the Yoast SEO plugin v27.4 - https:\/\/yoast.com\/product\/yoast-seo-wordpress\/ -->\n<title>Creando - Creando libros<\/title>\n<meta name=\"description\" content=\"Creando libros es una escuela de encuadernaci\u00f3n y t\u00e9cnicas art\u00edsticas en Santander. el proyecto est\u00e1 pilotado por Montserrat Mu\u00f1oz Mu\u00f1oz y\" \/>\n<meta name=\"robots\" content=\"index, follow, max-snippet:-1, max-image-preview:large, max-video-preview:-1\" \/>\n<link rel=\"canonical\" href=\"https:\/\/creandolibros.es\/encuadernacion-y-acuarela-en-santander-2\/creando\/\" \/>\n<meta property=\"og:locale\" content=\"es_ES\" \/>\n<meta property=\"og:type\" content=\"article\" \/>\n<meta property=\"og:title\" content=\"Creando - Creando libros\" \/>\n<meta property=\"og:description\" content=\"Creando libros es una escuela de encuadernaci\u00f3n y t\u00e9cnicas art\u00edsticas en Santander. el proyecto est\u00e1 pilotado por Montserrat Mu\u00f1oz Mu\u00f1oz y\" \/>\n<meta property=\"og:url\" content=\"https:\/\/creandolibros.es\/encuadernacion-y-acuarela-en-santander-2\/creando\/\" \/>\n<meta property=\"og:site_name\" content=\"Creando libros\" \/>\n<meta property=\"article:publisher\" content=\"https:\/\/www.facebook.com\/creandolibrosarte\" \/>\n<meta property=\"article:modified_time\" content=\"2026-02-28T19:55:22+00:00\" \/>\n<meta property=\"og:image\" content=\"https:\/\/creandolibros.es\/wp-content\/uploads\/interior-creando-libros.jpg\" \/>\n\t<meta property=\"og:image:width\" content=\"2000\" \/>\n\t<meta property=\"og:image:height\" content=\"1500\" \/>\n\t<meta property=\"og:image:type\" content=\"image\/jpeg\" \/>\n<meta name=\"twitter:card\" content=\"summary_large_image\" \/>\n<script type=\"application\/ld+json\" class=\"yoast-schema-graph\">{\"@context\":\"https:\\\/\\\/schema.org\",\"@graph\":[{\"@type\":\"WebPage\",\"@id\":\"https:\\\/\\\/creandolibros.es\\\/encuadernacion-y-acuarela-en-santander-2\\\/creando\\\/\",\"url\":\"https:\\\/\\\/creandolibros.es\\\/encuadernacion-y-acuarela-en-santander-2\\\/creando\\\/\",\"name\":\"Creando - Creando libros\",\"isPartOf\":{\"@id\":\"https:\\\/\\\/creandolibros.es\\\/encuadernacion-y-acuarela-en-santander-2\\\/#website\"},\"primaryImageOfPage\":{\"@id\":\"https:\\\/\\\/creandolibros.es\\\/encuadernacion-y-acuarela-en-santander-2\\\/creando\\\/#primaryimage\"},\"image\":{\"@id\":\"https:\\\/\\\/creandolibros.es\\\/encuadernacion-y-acuarela-en-santander-2\\\/creando\\\/#primaryimage\"},\"thumbnailUrl\":\"https:\\\/\\\/creandolibros.es\\\/wp-content\\\/uploads\\\/interior-creando-libros.jpg\",\"datePublished\":\"2021-10-13T20:40:06+00:00\",\"dateModified\":\"2026-02-28T19:55:22+00:00\",\"description\":\"Creando libros es una escuela de encuadernaci\u00f3n y t\u00e9cnicas art\u00edsticas en Santander. el proyecto est\u00e1 pilotado por Montserrat Mu\u00f1oz Mu\u00f1oz y\",\"breadcrumb\":{\"@id\":\"https:\\\/\\\/creandolibros.es\\\/encuadernacion-y-acuarela-en-santander-2\\\/creando\\\/#breadcrumb\"},\"inLanguage\":\"es\",\"potentialAction\":[{\"@type\":\"ReadAction\",\"target\":[\"https:\\\/\\\/creandolibros.es\\\/encuadernacion-y-acuarela-en-santander-2\\\/creando\\\/\"]}]},{\"@type\":\"ImageObject\",\"inLanguage\":\"es\",\"@id\":\"https:\\\/\\\/creandolibros.es\\\/encuadernacion-y-acuarela-en-santander-2\\\/creando\\\/#primaryimage\",\"url\":\"https:\\\/\\\/creandolibros.es\\\/wp-content\\\/uploads\\\/interior-creando-libros.jpg\",\"contentUrl\":\"https:\\\/\\\/creandolibros.es\\\/wp-content\\\/uploads\\\/interior-creando-libros.jpg\",\"width\":2000,\"height\":1500,\"caption\":\"Imagen interior de la escuela Creando libros, de encuadernaci\u00f3n y acuarela de Santander\"},{\"@type\":\"BreadcrumbList\",\"@id\":\"https:\\\/\\\/creandolibros.es\\\/encuadernacion-y-acuarela-en-santander-2\\\/creando\\\/#breadcrumb\",\"itemListElement\":[{\"@type\":\"ListItem\",\"position\":1,\"name\":\"Portada\",\"item\":\"https:\\\/\\\/creandolibros.es\\\/encuadernacion-y-acuarela-en-santander-2\\\/\"},{\"@type\":\"ListItem\",\"position\":2,\"name\":\"Creando\"}]},{\"@type\":\"WebSite\",\"@id\":\"https:\\\/\\\/creandolibros.es\\\/encuadernacion-y-acuarela-en-santander-2\\\/#website\",\"url\":\"https:\\\/\\\/creandolibros.es\\\/encuadernacion-y-acuarela-en-santander-2\\\/\",\"name\":\"Creando libros\",\"description\":\"Escuela de encuadernaci\u00f3n artesanal y t\u00e9cnicas art\u00edsticas\",\"publisher\":{\"@id\":\"https:\\\/\\\/creandolibros.es\\\/encuadernacion-y-acuarela-en-santander-2\\\/#organization\"},\"potentialAction\":[{\"@type\":\"SearchAction\",\"target\":{\"@type\":\"EntryPoint\",\"urlTemplate\":\"https:\\\/\\\/creandolibros.es\\\/encuadernacion-y-acuarela-en-santander-2\\\/?s={search_term_string}\"},\"query-input\":{\"@type\":\"PropertyValueSpecification\",\"valueRequired\":true,\"valueName\":\"search_term_string\"}}],\"inLanguage\":\"es\"},{\"@type\":\"Organization\",\"@id\":\"https:\\\/\\\/creandolibros.es\\\/encuadernacion-y-acuarela-en-santander-2\\\/#organization\",\"name\":\"CreandoLibros\",\"url\":\"https:\\\/\\\/creandolibros.es\\\/encuadernacion-y-acuarela-en-santander-2\\\/\",\"logo\":{\"@type\":\"ImageObject\",\"inLanguage\":\"es\",\"@id\":\"https:\\\/\\\/creandolibros.es\\\/encuadernacion-y-acuarela-en-santander-2\\\/#\\\/schema\\\/logo\\\/image\\\/\",\"url\":\"https:\\\/\\\/creandolibros.es\\\/wp-content\\\/uploads\\\/LOGOTIPO-DEFINITVO-02.png\",\"contentUrl\":\"https:\\\/\\\/creandolibros.es\\\/wp-content\\\/uploads\\\/LOGOTIPO-DEFINITVO-02.png\",\"width\":2362,\"height\":886,\"caption\":\"CreandoLibros\"},\"image\":{\"@id\":\"https:\\\/\\\/creandolibros.es\\\/encuadernacion-y-acuarela-en-santander-2\\\/#\\\/schema\\\/logo\\\/image\\\/\"},\"sameAs\":[\"https:\\\/\\\/www.facebook.com\\\/creandolibrosarte\"]}]}<\/script>\n<!-- \/ Yoast SEO plugin. -->","yoast_head_json":{"title":"Creando - Creando libros","description":"Creando libros es una escuela de encuadernaci\u00f3n y t\u00e9cnicas art\u00edsticas en Santander. el proyecto est\u00e1 pilotado por Montserrat Mu\u00f1oz Mu\u00f1oz y","robots":{"index":"index","follow":"follow","max-snippet":"max-snippet:-1","max-image-preview":"max-image-preview:large","max-video-preview":"max-video-preview:-1"},"canonical":"https:\/\/creandolibros.es\/encuadernacion-y-acuarela-en-santander-2\/creando\/","og_locale":"es_ES","og_type":"article","og_title":"Creando - Creando libros","og_description":"Creando libros es una escuela de encuadernaci\u00f3n y t\u00e9cnicas art\u00edsticas en Santander. el proyecto est\u00e1 pilotado por Montserrat Mu\u00f1oz Mu\u00f1oz y","og_url":"https:\/\/creandolibros.es\/encuadernacion-y-acuarela-en-santander-2\/creando\/","og_site_name":"Creando libros","article_publisher":"https:\/\/www.facebook.com\/creandolibrosarte","article_modified_time":"2026-02-28T19:55:22+00:00","og_image":[{"width":2000,"height":1500,"url":"https:\/\/creandolibros.es\/wp-content\/uploads\/interior-creando-libros.jpg","type":"image\/jpeg"}],"twitter_card":"summary_large_image","schema":{"@context":"https:\/\/schema.org","@graph":[{"@type":"WebPage","@id":"https:\/\/creandolibros.es\/encuadernacion-y-acuarela-en-santander-2\/creando\/","url":"https:\/\/creandolibros.es\/encuadernacion-y-acuarela-en-santander-2\/creando\/","name":"Creando - Creando libros","isPartOf":{"@id":"https:\/\/creandolibros.es\/encuadernacion-y-acuarela-en-santander-2\/#website"},"primaryImageOfPage":{"@id":"https:\/\/creandolibros.es\/encuadernacion-y-acuarela-en-santander-2\/creando\/#primaryimage"},"image":{"@id":"https:\/\/creandolibros.es\/encuadernacion-y-acuarela-en-santander-2\/creando\/#primaryimage"},"thumbnailUrl":"https:\/\/creandolibros.es\/wp-content\/uploads\/interior-creando-libros.jpg","datePublished":"2021-10-13T20:40:06+00:00","dateModified":"2026-02-28T19:55:22+00:00","description":"Creando libros es una escuela de encuadernaci\u00f3n y t\u00e9cnicas art\u00edsticas en Santander. el proyecto est\u00e1 pilotado por Montserrat Mu\u00f1oz Mu\u00f1oz y","breadcrumb":{"@id":"https:\/\/creandolibros.es\/encuadernacion-y-acuarela-en-santander-2\/creando\/#breadcrumb"},"inLanguage":"es","potentialAction":[{"@type":"ReadAction","target":["https:\/\/creandolibros.es\/encuadernacion-y-acuarela-en-santander-2\/creando\/"]}]},{"@type":"ImageObject","inLanguage":"es","@id":"https:\/\/creandolibros.es\/encuadernacion-y-acuarela-en-santander-2\/creando\/#primaryimage","url":"https:\/\/creandolibros.es\/wp-content\/uploads\/interior-creando-libros.jpg","contentUrl":"https:\/\/creandolibros.es\/wp-content\/uploads\/interior-creando-libros.jpg","width":2000,"height":1500,"caption":"Imagen interior de la escuela Creando libros, de encuadernaci\u00f3n y acuarela de Santander"},{"@type":"BreadcrumbList","@id":"https:\/\/creandolibros.es\/encuadernacion-y-acuarela-en-santander-2\/creando\/#breadcrumb","itemListElement":[{"@type":"ListItem","position":1,"name":"Portada","item":"https:\/\/creandolibros.es\/encuadernacion-y-acuarela-en-santander-2\/"},{"@type":"ListItem","position":2,"name":"Creando"}]},{"@type":"WebSite","@id":"https:\/\/creandolibros.es\/encuadernacion-y-acuarela-en-santander-2\/#website","url":"https:\/\/creandolibros.es\/encuadernacion-y-acuarela-en-santander-2\/","name":"Creando libros","description":"Escuela de encuadernaci\u00f3n artesanal y t\u00e9cnicas art\u00edsticas","publisher":{"@id":"https:\/\/creandolibros.es\/encuadernacion-y-acuarela-en-santander-2\/#organization"},"potentialAction":[{"@type":"SearchAction","target":{"@type":"EntryPoint","urlTemplate":"https:\/\/creandolibros.es\/encuadernacion-y-acuarela-en-santander-2\/?s={search_term_string}"},"query-input":{"@type":"PropertyValueSpecification","valueRequired":true,"valueName":"search_term_string"}}],"inLanguage":"es"},{"@type":"Organization","@id":"https:\/\/creandolibros.es\/encuadernacion-y-acuarela-en-santander-2\/#organization","name":"CreandoLibros","url":"https:\/\/creandolibros.es\/encuadernacion-y-acuarela-en-santander-2\/","logo":{"@type":"ImageObject","inLanguage":"es","@id":"https:\/\/creandolibros.es\/encuadernacion-y-acuarela-en-santander-2\/#\/schema\/logo\/image\/","url":"https:\/\/creandolibros.es\/wp-content\/uploads\/LOGOTIPO-DEFINITVO-02.png","contentUrl":"https:\/\/creandolibros.es\/wp-content\/uploads\/LOGOTIPO-DEFINITVO-02.png","width":2362,"height":886,"caption":"CreandoLibros"},"image":{"@id":"https:\/\/creandolibros.es\/encuadernacion-y-acuarela-en-santander-2\/#\/schema\/logo\/image\/"},"sameAs":["https:\/\/www.facebook.com\/creandolibrosarte"]}]}},"_links":{"self":[{"href":"https:\/\/creandolibros.es\/encuadernacion-y-acuarela-en-santander-2\/wp-json\/wp\/v2\/pages\/358","targetHints":{"allow":["GET"]}}],"collection":[{"href":"https:\/\/creandolibros.es\/encuadernacion-y-acuarela-en-santander-2\/wp-json\/wp\/v2\/pages"}],"about":[{"href":"https:\/\/creandolibros.es\/encuadernacion-y-acuarela-en-santander-2\/wp-json\/wp\/v2\/types\/page"}],"author":[{"embeddable":true,"href":"https:\/\/creandolibros.es\/encuadernacion-y-acuarela-en-santander-2\/wp-json\/wp\/v2\/users\/2"}],"replies":[{"embeddable":true,"href":"https:\/\/creandolibros.es\/encuadernacion-y-acuarela-en-santander-2\/wp-json\/wp\/v2\/comments?post=358"}],"version-history":[{"count":23,"href":"https:\/\/creandolibros.es\/encuadernacion-y-acuarela-en-santander-2\/wp-json\/wp\/v2\/pages\/358\/revisions"}],"predecessor-version":[{"id":1900,"href":"https:\/\/creandolibros.es\/encuadernacion-y-acuarela-en-santander-2\/wp-json\/wp\/v2\/pages\/358\/revisions\/1900"}],"wp:featuredmedia":[{"embeddable":true,"href":"https:\/\/creandolibros.es\/encuadernacion-y-acuarela-en-santander-2\/wp-json\/wp\/v2\/media\/470"}],"wp:attachment":[{"href":"https:\/\/creandolibros.es\/encuadernacion-y-acuarela-en-santander-2\/wp-json\/wp\/v2\/media?parent=358"}],"curies":[{"name":"wp","href":"https:\/\/api.w.org\/{rel}","templated":true}]}}